{"id":5790,"date":"2021-06-24T14:31:56","date_gmt":"2021-06-24T12:31:56","guid":{"rendered":"https:\/\/menjatsoller.com\/place\/restaurant-can-nadal\/"},"modified":"2024-06-10T07:40:14","modified_gmt":"2024-06-10T06:40:14","slug":"can-nadal","status":"publish","type":"place","link":"https:\/\/menjatsoller.com\/de\/restaurant\/can-nadal\/","title":{"rendered":"Restaurant Ca&#8217;n Nadal"},"content":{"rendered":"<p>Familienrestaurant an der Plaza de S\u00f3ller. Spezialit\u00e4t in mallorquinischer K\u00fcche und Paellas. Auf der Terrasse mit Blick auf die Kirche k\u00f6nnen Sie verschiedene Tapas genie\u00dfen. Hausgemachtes Essen und hausgemachte Desserts.<\/p>\n","protected":false},"excerpt":{"rendered":"<p>Familienrestaurant an der Plaza de S\u00f3ller. Spezialit\u00e4t in mallorquinischer K\u00fcche und Paellas. Auf der Terrasse mit Blick auf die Kirche k\u00f6nnen Sie verschiedene Tapas genie\u00dfen. Hausgemachtes Essen und hausgemachte Desserts.<\/p>\n","protected":false},"author":3,"featured_media":5689,"menu_order":0,"comment_status":"open","ping_status":"closed","template":"","place-type":[316,209],"place-categories":[286,219],"place-amenities":[248,305,299],"place-city":[317],"class_list":["post-5790","place","type-place","status-publish","has-post-thumbnail","hentry","place-type-tapas-ca-de","place-type-typisch-mallorquinisch","place-categories-bar-restaurant-de","place-categories-restaurant-de","place-amenities-aussenterrasse","place-amenities-hundefreundlich","place-amenities-zum-mitnehmen","place-city-soller-de"],"acf":[],"featured_media_url":"https:\/\/menjatsoller.com\/wp-content\/uploads\/2021\/06\/menjatsoller-can-nadal-06.jpg","golo-place_price_short":"","golo-place_price_unit":"m","golo-place_price_range":"2","golo-place_booking_type":"link","golo-place_booking":"","golo-place_booking_site":"","golo-place_booking_2":"","golo-place_booking_site_2":"","golo-place_booking_banner":{"id":"0","url":""},"golo-place_booking_banner_url":"","golo-place_booking_form":"17","golo-place_phone":"+34670919272","golo-place_phone2":"","golo-place_email":"anadal89@gmail.com","golo-place_website":"www.restaurantcannadal.com\/carta\/","golo-place_identity":"8051","golo-google_review_placeid":"","golo-place_facebook":"","golo-place_instagram":"","golo-place_twitter":"","golo-additional_detail":"1","golo-additional_detail_icon":[""],"golo-additional_detail_name":"","golo-additional_detail_url":[""],"golo-opening_monday":"Montag","golo-opening_monday_time":"8:30 - 24:00","golo-opening_tuesday":"Dienstag","golo-opening_tuesday_time":"8:30 - 24:00","golo-opening_wednesday":"Mittwoch","golo-opening_wednesday_time":"8:30 - 24:00","golo-opening_thursday":"Donnerstag","golo-opening_thursday_time":"8:30 - 24:00","golo-opening_friday":"Freitag","golo-opening_friday_time":"8:30 - 24:00","golo-opening_saturday":"Samstag","golo-opening_saturday_time":"8:30 - 24:00","golo-opening_sunday":"Sonntag","golo-opening_sunday_time":"10:00 - 24:00","golo-yelp_review":"1","golo-yelp_review_title":[""],"golo-yelp_review_type":[""],"golo-place_views_count":"1145","golo-menu_enable":"0","golo-menu_types":"1","golo-menu_types_name":[""],"golo-menu_tab":[{"golo-menu_title":"","golo-menu_price":"","golo-menu_description":"","golo-menu_image":{"id":"0","url":""},"golo-menu_item_type":""}],"golo-place_address":"Plaza Constitucion, 8","golo-place_zip":"07100","golo-place_timezone":"","golo-place_location":{"location":"39.766575,2.714852"},"golo-place_featured":"0","golo-place_logged":"0","golo-place_images":["https:\/\/menjatsoller.com\/wp-content\/uploads\/2021\/06\/menjatsoller-can-nadal-01.jpg","https:\/\/menjatsoller.com\/wp-content\/uploads\/2021\/06\/menjatsoller-can-nadal-03.jpg","https:\/\/menjatsoller.com\/wp-content\/uploads\/2021\/06\/menjatsoller-can-nadal-09.jpg","https:\/\/menjatsoller.com\/wp-content\/uploads\/2021\/06\/menjatsoller-can-nadal-012.jpg","https:\/\/menjatsoller.com\/wp-content\/uploads\/2021\/06\/menjatsoller-can-nadal-06.jpg","https:\/\/menjatsoller.com\/wp-content\/uploads\/2021\/06\/menjatsoller-can-nadal-02.jpg","https:\/\/menjatsoller.com\/wp-content\/uploads\/2021\/06\/menjatsoller-can-nadal-011.jpg","https:\/\/menjatsoller.com\/wp-content\/uploads\/2021\/06\/menjatsoller-can-nadal-05.jpg"],"golo-place_video_url":"","golo-place_video_image":"","golo-faqs_enable":"0","golo-faqs_tab":[{"golo-faqs_title":"","golo-faqs_description":""}],"golo-booking_item_name":"","golo-booking_item_id":"","golo-booking_item_author":"","golo-booking_adults":"","golo-booking_childrens":"","golo-booking_date":"","golo-booking_time":"","golo-place_coupon":"","golo-package_free":"","golo-package_price":"","golo-package_unlimited_time":"","golo-package_time_unit":"","golo-package_period":"","golo-package_unlimited_listing":"","golo-package_number_listings":"","golo-package_number_featured":"","golo-package_order_display":"","golo-package_featured":"","golo-package_visible":"","golo-package_extra_featured":"","golo-place_rating":"","golo-review_count":0,"_links":{"self":[{"href":"https:\/\/menjatsoller.com\/de\/wp-json\/wp\/v2\/place\/5790","targetHints":{"allow":["GET"]}}],"collection":[{"href":"https:\/\/menjatsoller.com\/de\/wp-json\/wp\/v2\/place"}],"about":[{"href":"https:\/\/menjatsoller.com\/de\/wp-json\/wp\/v2\/types\/place"}],"author":[{"embeddable":true,"href":"https:\/\/menjatsoller.com\/de\/wp-json\/wp\/v2\/users\/3"}],"replies":[{"embeddable":true,"href":"https:\/\/menjatsoller.com\/de\/wp-json\/wp\/v2\/comments?post=5790"}],"version-history":[{"count":7,"href":"https:\/\/menjatsoller.com\/de\/wp-json\/wp\/v2\/place\/5790\/revisions"}],"predecessor-version":[{"id":8051,"href":"https:\/\/menjatsoller.com\/de\/wp-json\/wp\/v2\/place\/5790\/revisions\/8051"}],"wp:featuredmedia":[{"embeddable":true,"href":"https:\/\/menjatsoller.com\/de\/wp-json\/wp\/v2\/media\/5689"}],"wp:attachment":[{"href":"https:\/\/menjatsoller.com\/de\/wp-json\/wp\/v2\/media?parent=5790"}],"wp:term":[{"taxonomy":"place-type","embeddable":true,"href":"https:\/\/menjatsoller.com\/de\/wp-json\/wp\/v2\/place-type?post=5790"},{"taxonomy":"place-categories","embeddable":true,"href":"https:\/\/menjatsoller.com\/de\/wp-json\/wp\/v2\/place-categories?post=5790"},{"taxonomy":"place-amenities","embeddable":true,"href":"https:\/\/menjatsoller.com\/de\/wp-json\/wp\/v2\/place-amenities?post=5790"},{"taxonomy":"place-city","embeddable":true,"href":"https:\/\/menjatsoller.com\/de\/wp-json\/wp\/v2\/place-city?post=5790"}],"curies":[{"name":"wp","href":"https:\/\/api.w.org\/{rel}","templated":true}]}}

<p>Familienrestaurant an der Plaza de Sóller. Spezialität in mallorquinischer Küche und Paellas. Auf der Terrasse mit Blick auf die Kirche können Sie verschiedene Tapas genießen. Hausgemachtes Essen und hausgemachte Desserts.</p>
