{"id":5804,"date":"2021-06-24T13:35:23","date_gmt":"2021-06-24T11:35:23","guid":{"rendered":"https:\/\/menjatsoller.com\/place\/cafe-restaurant-central\/"},"modified":"2026-03-27T13:26:30","modified_gmt":"2026-03-27T12:26:30","slug":"cafe-central","status":"publish","type":"place","link":"https:\/\/menjatsoller.com\/de\/restaurant\/cafe-central\/","title":{"rendered":"Caf\u00e8 Restaurant Central"},"content":{"rendered":"<p>Famili\u00e4re Atmosph\u00e4re, die Familie Casta\u00f1er Morenilla leitet dieses mythische Caf\u00e9-Restaurant zeit 43 Jahren !!<br \/>\nDas gastronomische Angebot der Central Bar ist einfach und konzentriert sich auf lokale und mallorquinische Produkte.<\/p>\n<p>Am Morgen bieten wir ein leckeres Fr\u00fchst\u00fccksmen\u00fc an.<br \/>\nVon Mittag bis sp\u00e4t in die Nacht haben wir eine abwechslungsreiche Speisekarte: hausgemachte Tapas, k\u00f6stliche Salate, Pasta, Fleisch und unsere Hamburger, spezielle warme Sandwiches und Pambolis !!<\/p>\n<p>Unsere hausgemachten Desserts lassen niemanden gleichg\u00fcltig<br \/>\nAuch unsere Mojitos, Gintonics und das beste Eis in S\u00f3ller versagen nicht !!<\/p>\n","protected":false},"excerpt":{"rendered":"<p>Famili\u00e4re Atmosph\u00e4re, die Familie Casta\u00f1er Morenilla leitet dieses mythische Caf\u00e9-Restaurant zeit 43 Jahren !! Das gastronomische Angebot der Central Bar ist einfach und konzentriert sich auf lokale und mallorquinische Produkte. Am Morgen bieten wir ein leckeres Fr\u00fchst\u00fccksmen\u00fc an. Von Mittag bis sp\u00e4t in die Nacht haben wir eine abwechslungsreiche Speisekarte: hausgemachte Tapas, k\u00f6stliche Salate, Pasta, [&hellip;]<\/p>\n","protected":false},"author":3,"featured_media":5567,"menu_order":0,"comment_status":"open","ping_status":"closed","template":"","place-type":[285,279,214,316,209],"place-categories":[286],"place-amenities":[248,291,299],"place-city":[317],"class_list":["post-5804","place","type-place","status-publish","has-post-thumbnail","hentry","place-type-fleisch","place-type-italienisch","place-type-mediterranes","place-type-tapas-ca-de","place-type-typisch-mallorquinisch","place-categories-bar-restaurant-de","place-amenities-aussenterrasse","place-amenities-klimaanlage","place-amenities-zum-mitnehmen","place-city-soller-de"],"acf":[],"featured_media_url":"https:\/\/menjatsoller.com\/wp-content\/uploads\/2021\/06\/menjatsoller-cafe-central-00.jpg","golo-place_price_short":"","golo-place_price_unit":"m","golo-place_price_range":"2","golo-place_booking_type":"link","golo-place_booking":"","golo-place_booking_site":"","golo-place_booking_2":"","golo-place_booking_site_2":"","golo-place_booking_banner":{"id":"0","url":""},"golo-place_booking_banner_url":"","golo-place_booking_form":"17","golo-place_phone":"+34971638006","golo-place_phone2":"","golo-place_email":"llum@canquatre.com","golo-place_website":"www.cafecentralsoller.com","golo-place_identity":"9652","golo-google_review_placeid":"","golo-place_facebook":"","golo-place_instagram":"","golo-place_twitter":"","golo-additional_detail":"1","golo-additional_detail_icon":[""],"golo-additional_detail_name":[""],"golo-additional_detail_url":[""],"golo-opening_monday":"Montag","golo-opening_monday_time":"9:00 - 24:00","golo-opening_tuesday":"Dienstag","golo-opening_tuesday_time":"9:00 - 24:00","golo-opening_wednesday":"Mittwoch","golo-opening_wednesday_time":"9:00 - 24:00","golo-opening_thursday":"Donnerstag","golo-opening_thursday_time":"9:00 - 24:00","golo-opening_friday":"Freitag","golo-opening_friday_time":"9:00 - 24:00","golo-opening_saturday":"Samstag","golo-opening_saturday_time":"9:00 - 24:00","golo-opening_sunday":"Sonntag","golo-opening_sunday_time":"9:00 - 24:00","golo-yelp_review":"1","golo-yelp_review_title":[""],"golo-yelp_review_type":[""],"golo-place_views_count":"942","golo-menu_enable":"0","golo-menu_types":"1","golo-menu_types_name":[""],"golo-menu_tab":[{"golo-menu_title":"","golo-menu_price":"","golo-menu_description":"","golo-menu_image":{"id":"0","url":""},"golo-menu_item_type":""}],"golo-place_address":"Plaza Constitucion, 32","golo-place_zip":"07100","golo-place_timezone":"UTC+1","golo-place_location":{"location":"39.766373,2.714824"},"golo-place_featured":"0","golo-place_logged":"0","golo-place_images":["https:\/\/menjatsoller.com\/wp-content\/uploads\/2021\/06\/menjatsoller-cafe-central-00.jpg","https:\/\/menjatsoller.com\/wp-content\/uploads\/2021\/06\/menjatsoller-cafe-central-02.jpg","https:\/\/menjatsoller.com\/wp-content\/uploads\/2021\/06\/menjatsoller-cafe-central-03.jpg","https:\/\/menjatsoller.com\/wp-content\/uploads\/2021\/06\/menjatsoller-cafe-central-011.jpg","https:\/\/menjatsoller.com\/wp-content\/uploads\/2021\/06\/menjatsoller-cafe-central-09.jpg","https:\/\/menjatsoller.com\/wp-content\/uploads\/2021\/06\/menjatsoller-cafe-central-05.jpg","https:\/\/menjatsoller.com\/wp-content\/uploads\/2021\/06\/menjatsoller-cafe-central-06.jpg","https:\/\/menjatsoller.com\/wp-content\/uploads\/2021\/06\/menjatsoller-cafe-central-07.jpg","https:\/\/menjatsoller.com\/wp-content\/uploads\/2021\/06\/menjatsoller-cafe-central-08.jpg","https:\/\/menjatsoller.com\/wp-content\/uploads\/2021\/06\/menjatsoller-cafe-central-010.jpg","https:\/\/menjatsoller.com\/wp-content\/uploads\/2021\/06\/menjatsoller-cafe-central-04.jpg"],"golo-place_video_url":"","golo-place_video_image":"","golo-faqs_enable":"0","golo-faqs_tab":[{"golo-faqs_title":"","golo-faqs_description":""}],"golo-booking_item_name":"","golo-booking_item_id":"","golo-booking_item_author":"","golo-booking_adults":"","golo-booking_childrens":"","golo-booking_date":"","golo-booking_time":"","golo-place_coupon":"","golo-package_free":"","golo-package_price":"","golo-package_unlimited_time":"","golo-package_time_unit":"","golo-package_period":"","golo-package_unlimited_listing":"","golo-package_number_listings":"","golo-package_number_featured":"","golo-package_order_display":"","golo-package_featured":"","golo-package_visible":"","golo-package_extra_featured":"","golo-place_rating":"","golo-review_count":0,"_links":{"self":[{"href":"https:\/\/menjatsoller.com\/de\/wp-json\/wp\/v2\/place\/5804","targetHints":{"allow":["GET"]}}],"collection":[{"href":"https:\/\/menjatsoller.com\/de\/wp-json\/wp\/v2\/place"}],"about":[{"href":"https:\/\/menjatsoller.com\/de\/wp-json\/wp\/v2\/types\/place"}],"author":[{"embeddable":true,"href":"https:\/\/menjatsoller.com\/de\/wp-json\/wp\/v2\/users\/3"}],"replies":[{"embeddable":true,"href":"https:\/\/menjatsoller.com\/de\/wp-json\/wp\/v2\/comments?post=5804"}],"version-history":[{"count":3,"href":"https:\/\/menjatsoller.com\/de\/wp-json\/wp\/v2\/place\/5804\/revisions"}],"predecessor-version":[{"id":9652,"href":"https:\/\/menjatsoller.com\/de\/wp-json\/wp\/v2\/place\/5804\/revisions\/9652"}],"wp:featuredmedia":[{"embeddable":true,"href":"https:\/\/menjatsoller.com\/de\/wp-json\/wp\/v2\/media\/5567"}],"wp:attachment":[{"href":"https:\/\/menjatsoller.com\/de\/wp-json\/wp\/v2\/media?parent=5804"}],"wp:term":[{"taxonomy":"place-type","embeddable":true,"href":"https:\/\/menjatsoller.com\/de\/wp-json\/wp\/v2\/place-type?post=5804"},{"taxonomy":"place-categories","embeddable":true,"href":"https:\/\/menjatsoller.com\/de\/wp-json\/wp\/v2\/place-categories?post=5804"},{"taxonomy":"place-amenities","embeddable":true,"href":"https:\/\/menjatsoller.com\/de\/wp-json\/wp\/v2\/place-amenities?post=5804"},{"taxonomy":"place-city","embeddable":true,"href":"https:\/\/menjatsoller.com\/de\/wp-json\/wp\/v2\/place-city?post=5804"}],"curies":[{"name":"wp","href":"https:\/\/api.w.org\/{rel}","templated":true}]}}

Cafè Restaurant Central

<p>Familiäre Atmosphäre, die Familie Castañer Morenilla leitet dieses mythische Café-Restaurant zeit 43 Jahren !!<br />
Das gastronomische Angebot der Central Bar ist einfach und konzentriert sich auf lokale und mallorquinische Produkte.</p>
<p>Am Morgen bieten wir ein leckeres Frühstücksmenü an.<br />
Von Mittag bis spät in die Nacht haben wir eine abwechslungsreiche Speisekarte: hausgemachte Tapas, köstliche Salate, Pasta, Fleisch und unsere Hamburger, spezielle warme Sandwiches und Pambolis !!</p>
<p>Unsere hausgemachten Desserts lassen niemanden gleichgültig<br />
Auch unsere Mojitos, Gintonics und das beste Eis in Sóller versagen nicht !!</p>

<p>Familiäre Atmosphäre, die Familie Castañer Morenilla leitet dieses mythische Café-Restaurant zeit 43 Jahren !! Das gastronomische Angebot der Central Bar ist einfach und konzentriert sich auf lokale und mallorquinische Produkte. Am Morgen bieten wir ein leckeres Frühstücksmenü an. Von Mittag bis spät in die Nacht haben wir eine abwechslungsreiche Speisekarte: hausgemachte Tapas, köstliche Salate, Pasta, [&hellip;]</p>
