{"id":6237,"date":"2021-09-11T15:40:35","date_gmt":"2021-09-11T13:40:35","guid":{"rendered":"https:\/\/menjatsoller.com\/place\/restaurante-la-vila\/"},"modified":"2023-02-21T11:40:37","modified_gmt":"2023-02-21T10:40:37","slug":"la-vila","status":"publish","type":"place","link":"https:\/\/menjatsoller.com\/de\/restaurant\/la-vila\/","title":{"rendered":"Restaurante La Vila"},"content":{"rendered":"<p>Das <strong>La Vila Restaurant<\/strong> hat sich w\u00e4hrend der letzten Jahre einen sehr guten Namen f\u00fcr die feine K\u00fcche in S\u00f3ller gemacht. Das Restaurant befindet sich im Erdgeschoss und verf\u00fcgt \u00fcber 2 Salons mit beeindruckender Original-Dekoration aus der Jugendstil-Epoche.<\/p>\n<p>Von Mai bis Oktober k\u00f6nnen Sie unsere k\u00f6stlichen Speisen zudem im Freien genie\u00dfen: auf unserer Terrasse auf der Plaza direkt vor dem Hotel, oder in unserem sehr ruhigen Garten, der sich auf der R\u00fcckseite des Geb\u00e4udes befindet \u2013 ideal f\u00fcr ein romantisches Candle-Light-Dinner \u2013 oder einfach um die Ruhe mit Ihren Freunden zu genie\u00dfen.<\/p>\n","protected":false},"excerpt":{"rendered":"<p>Das La Vila Restaurant hat sich w\u00e4hrend der letzten Jahre einen sehr guten Namen f\u00fcr die feine K\u00fcche in S\u00f3ller gemacht. Das Restaurant befindet sich im Erdgeschoss und verf\u00fcgt \u00fcber 2 Salons mit beeindruckender Original-Dekoration aus der Jugendstil-Epoche. Von Mai bis Oktober k\u00f6nnen Sie unsere k\u00f6stlichen Speisen zudem im Freien genie\u00dfen: auf unserer Terrasse auf [&hellip;]<\/p>\n","protected":false},"author":3,"featured_media":6232,"menu_order":0,"comment_status":"open","ping_status":"closed","template":"","place-type":[282,312,279,214],"place-categories":[219],"place-amenities":[248,291,299],"place-city":[317],"class_list":["post-6237","place","type-place","status-publish","has-post-thumbnail","hentry","place-type-fisch-und-meeresfruechte","place-type-internacional-de","place-type-italienisch","place-type-mediterranes","place-categories-restaurant-de","place-amenities-aussenterrasse","place-amenities-klimaanlage","place-amenities-zum-mitnehmen","place-city-soller-de"],"acf":[],"featured_media_url":"https:\/\/menjatsoller.com\/wp-content\/uploads\/2021\/09\/menjatsoller-la-vila-08.jpg","golo-place_price_short":"","golo-place_price_unit":"m","golo-place_price_range":"4","golo-place_booking_type":"info","golo-place_booking":"","golo-place_booking_site":"","golo-place_booking_2":"","golo-place_booking_site_2":"","golo-place_booking_banner":{"id":"0","url":""},"golo-place_booking_banner_url":"","golo-place_booking_form":"17","golo-place_phone":"971634641","golo-place_phone2":"","golo-place_email":"reservas@lavilahotel.com","golo-place_website":"www.lavilahotel.com","golo-place_identity":"6199","golo-google_review_placeid":"","golo-place_facebook":"","golo-place_instagram":"","golo-place_twitter":"","golo-additional_detail":"1","golo-additional_detail_icon":[""],"golo-additional_detail_name":"","golo-additional_detail_url":[""],"golo-opening_monday":"Montag","golo-opening_monday_time":"12:00 - 23:00","golo-opening_tuesday":"Dienstag","golo-opening_tuesday_time":"12:00 - 23:00","golo-opening_wednesday":"Mittwoch","golo-opening_wednesday_time":"12:00 - 23:00","golo-opening_thursday":"Donnerstag","golo-opening_thursday_time":"12:00 - 23:00","golo-opening_friday":"Freitag","golo-opening_friday_time":"12:00 - 23:00","golo-opening_saturday":"Samstag","golo-opening_saturday_time":"12:00 - 23:00","golo-opening_sunday":"Sonntag","golo-opening_sunday_time":"12:00 - 23:00","golo-yelp_review":"1","golo-yelp_review_title":[""],"golo-yelp_review_type":[""],"golo-place_views_count":"1051","golo-menu_enable":"0","golo-menu_types":"1","golo-menu_types_name":[""],"golo-menu_tab":[{"golo-menu_title":"","golo-menu_price":"","golo-menu_description":"","golo-menu_image":{"id":"0","url":""},"golo-menu_item_type":""}],"golo-place_address":"Plaza Constituci\u00f3n 14","golo-place_zip":"07100","golo-place_timezone":"","golo-place_location":{"location":"39.766579,2.715453"},"golo-place_featured":"0","golo-place_logged":"0","golo-place_images":["https:\/\/menjatsoller.com\/wp-content\/uploads\/2021\/09\/menjatsoller-la-vila-01.jpg","https:\/\/menjatsoller.com\/wp-content\/uploads\/2021\/09\/menjatsoller-la-vila-02.jpg","https:\/\/menjatsoller.com\/wp-content\/uploads\/2021\/09\/menjatsoller-la-vila-03.jpg","https:\/\/menjatsoller.com\/wp-content\/uploads\/2021\/09\/menjatsoller-la-vila-04.jpg","https:\/\/menjatsoller.com\/wp-content\/uploads\/2021\/09\/menjatsoller-la-vila-05.jpg","https:\/\/menjatsoller.com\/wp-content\/uploads\/2021\/09\/menjatsoller-la-vila-06.jpg","https:\/\/menjatsoller.com\/wp-content\/uploads\/2021\/09\/menjatsoller-la-vila-07.jpg","https:\/\/menjatsoller.com\/wp-content\/uploads\/2021\/09\/menjatsoller-la-vila-08.jpg"],"golo-place_video_url":"","golo-place_video_image":"","golo-faqs_enable":"0","golo-faqs_tab":[{"golo-faqs_title":"","golo-faqs_description":""}],"golo-booking_item_name":"","golo-booking_item_id":"","golo-booking_item_author":"","golo-booking_adults":"","golo-booking_childrens":"","golo-booking_date":"","golo-booking_time":"","golo-place_coupon":"","golo-package_free":"","golo-package_price":"","golo-package_unlimited_time":"","golo-package_time_unit":"","golo-package_period":"","golo-package_unlimited_listing":"","golo-package_number_listings":"","golo-package_number_featured":"","golo-package_order_display":"","golo-package_featured":"","golo-package_visible":"","golo-package_extra_featured":"","golo-place_rating":"","golo-review_count":0,"_links":{"self":[{"href":"https:\/\/menjatsoller.com\/de\/wp-json\/wp\/v2\/place\/6237","targetHints":{"allow":["GET"]}}],"collection":[{"href":"https:\/\/menjatsoller.com\/de\/wp-json\/wp\/v2\/place"}],"about":[{"href":"https:\/\/menjatsoller.com\/de\/wp-json\/wp\/v2\/types\/place"}],"author":[{"embeddable":true,"href":"https:\/\/menjatsoller.com\/de\/wp-json\/wp\/v2\/users\/3"}],"replies":[{"embeddable":true,"href":"https:\/\/menjatsoller.com\/de\/wp-json\/wp\/v2\/comments?post=6237"}],"version-history":[{"count":5,"href":"https:\/\/menjatsoller.com\/de\/wp-json\/wp\/v2\/place\/6237\/revisions"}],"predecessor-version":[{"id":7689,"href":"https:\/\/menjatsoller.com\/de\/wp-json\/wp\/v2\/place\/6237\/revisions\/7689"}],"wp:featuredmedia":[{"embeddable":true,"href":"https:\/\/menjatsoller.com\/de\/wp-json\/wp\/v2\/media\/6232"}],"wp:attachment":[{"href":"https:\/\/menjatsoller.com\/de\/wp-json\/wp\/v2\/media?parent=6237"}],"wp:term":[{"taxonomy":"place-type","embeddable":true,"href":"https:\/\/menjatsoller.com\/de\/wp-json\/wp\/v2\/place-type?post=6237"},{"taxonomy":"place-categories","embeddable":true,"href":"https:\/\/menjatsoller.com\/de\/wp-json\/wp\/v2\/place-categories?post=6237"},{"taxonomy":"place-amenities","embeddable":true,"href":"https:\/\/menjatsoller.com\/de\/wp-json\/wp\/v2\/place-amenities?post=6237"},{"taxonomy":"place-city","embeddable":true,"href":"https:\/\/menjatsoller.com\/de\/wp-json\/wp\/v2\/place-city?post=6237"}],"curies":[{"name":"wp","href":"https:\/\/api.w.org\/{rel}","templated":true}]}}

<p>Das <strong>La Vila Restaurant</strong> hat sich während der letzten Jahre einen sehr guten Namen für die feine Küche in Sóller gemacht. Das Restaurant befindet sich im Erdgeschoss und verfügt über 2 Salons mit beeindruckender Original-Dekoration aus der Jugendstil-Epoche.</p>
<p>Von Mai bis Oktober können Sie unsere köstlichen Speisen zudem im Freien genießen: auf unserer Terrasse auf der Plaza direkt vor dem Hotel, oder in unserem sehr ruhigen Garten, der sich auf der Rückseite des Gebäudes befindet – ideal für ein romantisches Candle-Light-Dinner – oder einfach um die Ruhe mit Ihren Freunden zu genießen.</p>

<p>Das La Vila Restaurant hat sich während der letzten Jahre einen sehr guten Namen für die feine Küche in Sóller gemacht. Das Restaurant befindet sich im Erdgeschoss und verfügt über 2 Salons mit beeindruckender Original-Dekoration aus der Jugendstil-Epoche. Von Mai bis Oktober können Sie unsere köstlichen Speisen zudem im Freien genießen: auf unserer Terrasse auf [&hellip;]</p>

Plaza Constitución 14
