{"id":6997,"date":"2021-10-28T09:31:40","date_gmt":"2021-10-28T07:31:40","guid":{"rendered":"https:\/\/menjatsoller.com\/place\/cas-pentinado-hotel-el-guia\/"},"modified":"2023-02-21T11:35:31","modified_gmt":"2023-02-21T10:35:31","slug":"cas-pentinado-hotel-el-guia","status":"publish","type":"place","link":"https:\/\/menjatsoller.com\/de\/restaurant\/cas-pentinado-hotel-el-guia\/","title":{"rendered":"Ca&#8217;s Pentinad\u00f3, Hotel El Guia"},"content":{"rendered":"<p>Das <strong>Restaurant<\/strong> des Hotels El Gu\u00eda, <strong>Ca\u2019s Pentinad\u00f3<\/strong>, ist eines der \u00e4ltesten Restaurants von S\u00f3ller und hat seinen Betrieb bereits im Jahre 1880 aufgenommen. Diese gastronomische Einrichtung befindet sich seit Generationen im Besitz einer Familie (Gro\u00dfeltern, Kinder und Enkelkinder) und erfreut sich seit Jahrzehnten gro\u00dfer Beliebtheit und Bekanntheit. Im Restaurant wird eine <strong>klassische, einfache K\u00fcche<\/strong> gepflegt.<br \/>\nS\u00e4mtliche Gerichte, wie frischer Fisch, Paellas, typische Gerichte aus Mallorca, etc., werden mit Zutaten aus der Region hergestellt und auf traditionelle Weise zubereitet.<br \/>\nDas Restaurant wird im Gro\u00dfteil der Reisef\u00fchrer, darunter auch im <strong>Michelin-F\u00fchrer<\/strong>, beschrieben.<\/p>\n","protected":false},"excerpt":{"rendered":"<p>Das Restaurant des Hotels El Gu\u00eda, Ca\u2019s Pentinad\u00f3, ist eines der \u00e4ltesten Restaurants von S\u00f3ller und hat seinen Betrieb bereits im Jahre 1880 aufgenommen. Diese gastronomische Einrichtung befindet sich seit Generationen im Besitz einer Familie (Gro\u00dfeltern, Kinder und Enkelkinder) und erfreut sich seit Jahrzehnten gro\u00dfer Beliebtheit und Bekanntheit. Im Restaurant wird eine klassische, einfache K\u00fcche [&hellip;]<\/p>\n","protected":false},"author":3,"featured_media":6984,"menu_order":0,"comment_status":"open","ping_status":"closed","template":"","place-type":[209],"place-categories":[219],"place-amenities":[248,291,294,299],"place-city":[317],"class_list":["post-6997","place","type-place","status-publish","has-post-thumbnail","hentry","place-type-typisch-mallorquinisch","place-categories-restaurant-de","place-amenities-aussenterrasse","place-amenities-klimaanlage","place-amenities-zugang-fuer-behinderte","place-amenities-zum-mitnehmen","place-city-soller-de"],"acf":[],"featured_media_url":"https:\/\/menjatsoller.com\/wp-content\/uploads\/2021\/10\/menjatsoller-cas-pentinado-el-guia-05.jpg","golo-place_price_short":"","golo-place_price_unit":"m","golo-place_price_range":"3","golo-place_booking_type":"info","golo-place_booking":"","golo-place_booking_site":"","golo-place_booking_2":"","golo-place_booking_site_2":"","golo-place_booking_banner":{"id":"0","url":""},"golo-place_booking_banner_url":"","golo-place_booking_form":"17","golo-place_phone":"+34 971 63 02 27","golo-place_phone2":"","golo-place_email":"info@hotelelguia.com","golo-place_website":"https:\/\/www.hotelelguia.com","golo-place_identity":"6964","golo-google_review_placeid":"","golo-place_facebook":"","golo-place_instagram":"","golo-place_twitter":"","golo-additional_detail":"1","golo-additional_detail_icon":[""],"golo-additional_detail_name":"","golo-additional_detail_url":[""],"golo-opening_monday":"Montag","golo-opening_monday_time":"13:00 - 15:30 & 19:30 - 22:00","golo-opening_tuesday":"Dienstag","golo-opening_tuesday_time":"13:00 - 15:30 & 19:30 - 22:00","golo-opening_wednesday":"Mittwoch","golo-opening_wednesday_time":"13:00 - 15:30 & 19:30 - 22:00","golo-opening_thursday":"Donnerstag","golo-opening_thursday_time":"00:00 - 00:00","golo-opening_friday":"Freitag","golo-opening_friday_time":"13:00 - 15:30 & 19:30 - 22:00","golo-opening_saturday":"Samstag","golo-opening_saturday_time":"13:00 - 15:30 & 19:30 - 22:00","golo-opening_sunday":"Sonntag","golo-opening_sunday_time":"13:00 - 15:30 & 19:30 - 22:00","golo-yelp_review":"1","golo-yelp_review_title":[""],"golo-yelp_review_type":[""],"golo-place_views_count":"1272","golo-menu_enable":"0","golo-menu_types":"1","golo-menu_types_name":[""],"golo-menu_tab":[{"golo-menu_title":"","golo-menu_price":"","golo-menu_description":"","golo-menu_image":{"id":"0","url":""},"golo-menu_item_type":""}],"golo-place_address":"Carrer Castanyer 2","golo-place_zip":"07100 S\u00f3ller","golo-place_timezone":"","golo-place_location":{"location":"39.765161,2.715327"},"golo-place_featured":"0","golo-place_logged":"0","golo-place_images":["https:\/\/menjatsoller.com\/wp-content\/uploads\/2021\/10\/menjatsoller-cas-pentinado-el-guia-03.jpg","https:\/\/menjatsoller.com\/wp-content\/uploads\/2021\/10\/menjatsoller-cas-pentinado-el-guia-06.jpg","https:\/\/menjatsoller.com\/wp-content\/uploads\/2021\/10\/menjatsoller-cas-pentinado-el-guia-04.jpg","https:\/\/menjatsoller.com\/wp-content\/uploads\/2021\/10\/menjatsoller-cas-pentinado-el-guia-05.jpg","https:\/\/menjatsoller.com\/wp-content\/uploads\/2021\/10\/menjatsoller-cas-pentinado-el-guia-01.jpg"],"golo-place_video_url":"","golo-place_video_image":"","golo-faqs_enable":"0","golo-faqs_tab":[{"golo-faqs_title":"","golo-faqs_description":""}],"golo-booking_item_name":"","golo-booking_item_id":"","golo-booking_item_author":"","golo-booking_adults":"","golo-booking_childrens":"","golo-booking_date":"","golo-booking_time":"","golo-place_coupon":"","golo-package_free":"","golo-package_price":"","golo-package_unlimited_time":"","golo-package_time_unit":"","golo-package_period":"","golo-package_unlimited_listing":"","golo-package_number_listings":"","golo-package_number_featured":"","golo-package_order_display":"","golo-package_featured":"","golo-package_visible":"","golo-package_extra_featured":"","golo-place_rating":"","golo-review_count":0,"_links":{"self":[{"href":"https:\/\/menjatsoller.com\/de\/wp-json\/wp\/v2\/place\/6997","targetHints":{"allow":["GET"]}}],"collection":[{"href":"https:\/\/menjatsoller.com\/de\/wp-json\/wp\/v2\/place"}],"about":[{"href":"https:\/\/menjatsoller.com\/de\/wp-json\/wp\/v2\/types\/place"}],"author":[{"embeddable":true,"href":"https:\/\/menjatsoller.com\/de\/wp-json\/wp\/v2\/users\/3"}],"replies":[{"embeddable":true,"href":"https:\/\/menjatsoller.com\/de\/wp-json\/wp\/v2\/comments?post=6997"}],"version-history":[{"count":5,"href":"https:\/\/menjatsoller.com\/de\/wp-json\/wp\/v2\/place\/6997\/revisions"}],"predecessor-version":[{"id":7676,"href":"https:\/\/menjatsoller.com\/de\/wp-json\/wp\/v2\/place\/6997\/revisions\/7676"}],"wp:featuredmedia":[{"embeddable":true,"href":"https:\/\/menjatsoller.com\/de\/wp-json\/wp\/v2\/media\/6984"}],"wp:attachment":[{"href":"https:\/\/menjatsoller.com\/de\/wp-json\/wp\/v2\/media?parent=6997"}],"wp:term":[{"taxonomy":"place-type","embeddable":true,"href":"https:\/\/menjatsoller.com\/de\/wp-json\/wp\/v2\/place-type?post=6997"},{"taxonomy":"place-categories","embeddable":true,"href":"https:\/\/menjatsoller.com\/de\/wp-json\/wp\/v2\/place-categories?post=6997"},{"taxonomy":"place-amenities","embeddable":true,"href":"https:\/\/menjatsoller.com\/de\/wp-json\/wp\/v2\/place-amenities?post=6997"},{"taxonomy":"place-city","embeddable":true,"href":"https:\/\/menjatsoller.com\/de\/wp-json\/wp\/v2\/place-city?post=6997"}],"curies":[{"name":"wp","href":"https:\/\/api.w.org\/{rel}","templated":true}]}}

Ca&#8217;s Pentinadó, Hotel El Guia

<p>Das <strong>Restaurant</strong> des Hotels El Guía, <strong>Ca’s Pentinadó</strong>, ist eines der ältesten Restaurants von Sóller und hat seinen Betrieb bereits im Jahre 1880 aufgenommen. Diese gastronomische Einrichtung befindet sich seit Generationen im Besitz einer Familie (Großeltern, Kinder und Enkelkinder) und erfreut sich seit Jahrzehnten großer Beliebtheit und Bekanntheit. Im Restaurant wird eine <strong>klassische, einfache Küche</strong> gepflegt.<br />
Sämtliche Gerichte, wie frischer Fisch, Paellas, typische Gerichte aus Mallorca, etc., werden mit Zutaten aus der Region hergestellt und auf traditionelle Weise zubereitet.<br />
Das Restaurant wird im Großteil der Reiseführer, darunter auch im <strong>Michelin-Führer</strong>, beschrieben.</p>

<p>Das Restaurant des Hotels El Guía, Ca’s Pentinadó, ist eines der ältesten Restaurants von Sóller und hat seinen Betrieb bereits im Jahre 1880 aufgenommen. Diese gastronomische Einrichtung befindet sich seit Generationen im Besitz einer Familie (Großeltern, Kinder und Enkelkinder) und erfreut sich seit Jahrzehnten großer Beliebtheit und Bekanntheit. Im Restaurant wird eine klassische, einfache Küche [&hellip;]</p>

07100 Sóller
