{"id":5564,"date":"2021-06-24T13:35:23","date_gmt":"2021-06-24T11:35:23","guid":{"rendered":"https:\/\/menjatsoller.com\/?post_type=place&#038;p=5564"},"modified":"2026-03-27T13:26:55","modified_gmt":"2026-03-27T12:26:55","slug":"cafe-central","status":"publish","type":"place","link":"https:\/\/menjatsoller.com\/es\/restaurant\/cafe-central\/","title":{"rendered":"Cafe Restaurante Central"},"content":{"rendered":"<p>Ambiente familiar, la familia Casta\u00f1er Morenilla lleva 43 a\u00f1os al frente de este m\u00edtico Caf\u00e9 Restaurante!!<br \/>\nLa oferta gastron\u00f3mica del bar Central es sencilla, centrada en el producto local y mallorqu\u00edn.<\/p>\n<p>Por las ma\u00f1anas ofrecemos una deliciosa carta de desayunos.<br \/>\nA partir del mediod\u00eda y hasta la noche tenemos una carta variada: tapas caseras, deliciosas ensaladas, pastas, carnes y nuestras hamburguesas, bocadillos calientes especiales y pambolis!!<\/p>\n<p>Nuestros postres caseros no dejan indiferente a nadie<br \/>\nTampoco fallan nuestros mojitos, gintonics y los mejores helados de S\u00f3ller!!<\/p>\n","protected":false},"excerpt":{"rendered":"<p>Ambiente familiar, la familia Casta\u00f1er Morenilla lleva 43 a\u00f1os al frente de este m\u00edtico Caf\u00e9 Restaurante!! La oferta gastron\u00f3mica del bar Central es sencilla, centrada en el producto local y mallorqu\u00edn. Por las ma\u00f1anas ofrecemos una deliciosa carta de desayunos. A partir del mediod\u00eda y hasta la noche tenemos una carta variada: tapas caseras, deliciosas [&hellip;]<\/p>\n","protected":false},"author":3,"featured_media":5565,"menu_order":0,"comment_status":"open","ping_status":"closed","template":"","place-type":[181,174,177,203,207],"place-categories":[220],"place-amenities":[199,224,197],"place-city":[249],"class_list":["post-5564","place","type-place","status-publish","has-post-thumbnail","hentry","place-type-carne","place-type-italiano","place-type-mediterranea","place-type-tapas-2","place-type-tipico-mallorquin","place-categories-bar-restaurante","place-amenities-aire-acondicionado","place-amenities-comida-para-llevar","place-amenities-terraza-exterior","place-city-soller-2"],"acf":[],"featured_media_url":"https:\/\/menjatsoller.com\/wp-content\/uploads\/2021\/06\/menjatsoller-cafe-central-00.jpg","golo-place_price_short":"","golo-place_price_unit":"m","golo-place_price_range":"2","golo-place_booking_type":"info","golo-place_booking":"","golo-place_booking_site":"","golo-place_booking_2":"","golo-place_booking_site_2":"","golo-place_booking_banner":{"id":"0","url":""},"golo-place_booking_banner_url":"","golo-place_booking_form":"17","golo-place_phone":"+34971638006","golo-place_phone2":"","golo-place_email":"llum@canquatre.com","golo-place_website":"www.cafecentralsoller.com","golo-place_identity":"9654","golo-google_review_placeid":"","golo-place_facebook":"","golo-place_instagram":"","golo-place_twitter":"","golo-additional_detail":"1","golo-additional_detail_icon":[""],"golo-additional_detail_name":[""],"golo-additional_detail_url":[""],"golo-opening_monday":"Lunes","golo-opening_monday_time":"9:00 - 24:00","golo-opening_tuesday":"Martes","golo-opening_tuesday_time":"9:00 - 24:00","golo-opening_wednesday":"Mi\u00e9rcoles","golo-opening_wednesday_time":"9:00 - 24:00","golo-opening_thursday":"Jueves","golo-opening_thursday_time":"9:00 - 24:00","golo-opening_friday":"Viernes","golo-opening_friday_time":"9:00 - 24:00","golo-opening_saturday":"S\u00e1bado","golo-opening_saturday_time":"9:00 - 24:00","golo-opening_sunday":"Domingo","golo-opening_sunday_time":"9:00 - 24:00","golo-yelp_review":"1","golo-yelp_review_title":[""],"golo-yelp_review_type":[""],"golo-place_views_count":"1600","golo-menu_enable":"0","golo-menu_types":"1","golo-menu_types_name":[""],"golo-menu_tab":[{"golo-menu_title":"","golo-menu_price":"","golo-menu_description":"","golo-menu_image":{"id":"0","url":""},"golo-menu_item_type":""}],"golo-place_address":"Plaza Constitucion, 32","golo-place_zip":"07100","golo-place_timezone":"UTC+1","golo-place_location":{"location":"39.766373,2.714824"},"golo-place_featured":"0","golo-place_logged":"0","golo-place_images":["https:\/\/menjatsoller.com\/wp-content\/uploads\/2021\/06\/menjatsoller-cafe-central-00.jpg","https:\/\/menjatsoller.com\/wp-content\/uploads\/2021\/06\/menjatsoller-cafe-central-02.jpg","https:\/\/menjatsoller.com\/wp-content\/uploads\/2021\/06\/menjatsoller-cafe-central-03.jpg","https:\/\/menjatsoller.com\/wp-content\/uploads\/2021\/06\/menjatsoller-cafe-central-011.jpg","https:\/\/menjatsoller.com\/wp-content\/uploads\/2021\/06\/menjatsoller-cafe-central-09.jpg","https:\/\/menjatsoller.com\/wp-content\/uploads\/2021\/06\/menjatsoller-cafe-central-05.jpg","https:\/\/menjatsoller.com\/wp-content\/uploads\/2021\/06\/menjatsoller-cafe-central-06.jpg","https:\/\/menjatsoller.com\/wp-content\/uploads\/2021\/06\/menjatsoller-cafe-central-07.jpg","https:\/\/menjatsoller.com\/wp-content\/uploads\/2021\/06\/menjatsoller-cafe-central-08.jpg","https:\/\/menjatsoller.com\/wp-content\/uploads\/2021\/06\/menjatsoller-cafe-central-010.jpg","https:\/\/menjatsoller.com\/wp-content\/uploads\/2021\/06\/menjatsoller-cafe-central-04.jpg"],"golo-place_video_url":"","golo-place_video_image":"","golo-faqs_enable":"0","golo-faqs_tab":[{"golo-faqs_title":"","golo-faqs_description":""}],"golo-booking_item_name":"","golo-booking_item_id":"","golo-booking_item_author":"","golo-booking_adults":"","golo-booking_childrens":"","golo-booking_date":"","golo-booking_time":"","golo-place_coupon":"","golo-package_free":"","golo-package_price":"","golo-package_unlimited_time":"","golo-package_time_unit":"","golo-package_period":"","golo-package_unlimited_listing":"","golo-package_number_listings":"","golo-package_number_featured":"","golo-package_order_display":"","golo-package_featured":"","golo-package_visible":"","golo-package_extra_featured":"","golo-place_rating":"","golo-review_count":0,"_links":{"self":[{"href":"https:\/\/menjatsoller.com\/es\/wp-json\/wp\/v2\/place\/5564","targetHints":{"allow":["GET"]}}],"collection":[{"href":"https:\/\/menjatsoller.com\/es\/wp-json\/wp\/v2\/place"}],"about":[{"href":"https:\/\/menjatsoller.com\/es\/wp-json\/wp\/v2\/types\/place"}],"author":[{"embeddable":true,"href":"https:\/\/menjatsoller.com\/es\/wp-json\/wp\/v2\/users\/3"}],"replies":[{"embeddable":true,"href":"https:\/\/menjatsoller.com\/es\/wp-json\/wp\/v2\/comments?post=5564"}],"version-history":[{"count":4,"href":"https:\/\/menjatsoller.com\/es\/wp-json\/wp\/v2\/place\/5564\/revisions"}],"predecessor-version":[{"id":9654,"href":"https:\/\/menjatsoller.com\/es\/wp-json\/wp\/v2\/place\/5564\/revisions\/9654"}],"wp:featuredmedia":[{"embeddable":true,"href":"https:\/\/menjatsoller.com\/es\/wp-json\/wp\/v2\/media\/5565"}],"wp:attachment":[{"href":"https:\/\/menjatsoller.com\/es\/wp-json\/wp\/v2\/media?parent=5564"}],"wp:term":[{"taxonomy":"place-type","embeddable":true,"href":"https:\/\/menjatsoller.com\/es\/wp-json\/wp\/v2\/place-type?post=5564"},{"taxonomy":"place-categories","embeddable":true,"href":"https:\/\/menjatsoller.com\/es\/wp-json\/wp\/v2\/place-categories?post=5564"},{"taxonomy":"place-amenities","embeddable":true,"href":"https:\/\/menjatsoller.com\/es\/wp-json\/wp\/v2\/place-amenities?post=5564"},{"taxonomy":"place-city","embeddable":true,"href":"https:\/\/menjatsoller.com\/es\/wp-json\/wp\/v2\/place-city?post=5564"}],"curies":[{"name":"wp","href":"https:\/\/api.w.org\/{rel}","templated":true}]}}

<p>Ambiente familiar, la familia Castañer Morenilla lleva 43 años al frente de este mítico Café Restaurante!!<br />
La oferta gastronómica del bar Central es sencilla, centrada en el producto local y mallorquín.</p>
<p>Por las mañanas ofrecemos una deliciosa carta de desayunos.<br />
A partir del mediodía y hasta la noche tenemos una carta variada: tapas caseras, deliciosas ensaladas, pastas, carnes y nuestras hamburguesas, bocadillos calientes especiales y pambolis!!</p>
<p>Nuestros postres caseros no dejan indiferente a nadie<br />
Tampoco fallan nuestros mojitos, gintonics y los mejores helados de Sóller!!</p>

<p>Ambiente familiar, la familia Castañer Morenilla lleva 43 años al frente de este mítico Café Restaurante!! La oferta gastronómica del bar Central es sencilla, centrada en el producto local y mallorquín. Por las mañanas ofrecemos una deliciosa carta de desayunos. A partir del mediodía y hasta la noche tenemos una carta variada: tapas caseras, deliciosas [&hellip;]</p>

Miércoles

Sábado
